{"id":4129,"date":"2019-11-24T11:25:53","date_gmt":"2019-11-24T15:25:53","guid":{"rendered":"http:\/\/saralaflamme.ca\/?page_id=4129"},"modified":"2022-09-15T00:23:42","modified_gmt":"2022-09-15T04:23:42","slug":"myofunctionnal-interceptive-orthodontics","status":"publish","type":"page","link":"https:\/\/inspiredentistes.ca\/de\/services\/treatments\/myofunctionnal-interceptive-orthodontics\/","title":{"rendered":"Myofunktionelle Interzeptive Kieferorthop\u00e4die Programm"},"content":{"rendered":"<p><\/p>\n<h6 style=\"background-color: #3aaee0; padding: 10px; color: #ffffff;\"><strong>Behandlung eine der Ursache von krummen Z\u00e4hnen und falsch ausgerichteten Kiefern - zu einem sch\u00f6nen, gesunden L\u00e4cheln<\/strong><\/h6>\n<hr \/>\n<h5><strong>Richtige Entwicklung<\/strong><\/h5>\n<p><div class='content-column one_half'><img loading=\"lazy\" decoding=\"async\" class=\"aligncenter wp-image-4124 size-medium\" src=\"http:\/\/saralaflamme.ca\/wp-content\/uploads\/2019\/11\/headgood-300x211.jpg\" alt=\"gutes Gesicht\" width=\"300\" height=\"211\" srcset=\"https:\/\/inspiredentistes.ca\/wp-content\/uploads\/2019\/11\/headgood-300x211.jpg 300w, https:\/\/inspiredentistes.ca\/wp-content\/uploads\/2019\/11\/headgood.jpg 450w\" sizes=\"auto, (max-width: 300px) 100vw, 300px\" \/><\/div><div class='content-column one_half last_column'><ul>\n<li dir=\"ltr\">breiteres Gesicht<\/li>\n<li dir=\"ltr\">wachsame Augen<\/li>\n<li dir=\"ltr\">sch\u00f6ne Wangenknochen<\/li>\n<li dir=\"ltr\">gerade Nase<\/li>\n<li dir=\"ltr\">gut entwickelter Kiefer<\/li>\n<li dir=\"ltr\">gerade Z\u00e4hne<\/li>\n<li dir=\"ltr\">gute Atemwegsgr\u00f6\u00dfe<\/li>\n<\/ul><\/div><div class='clear_column'><\/div><\/p>\n<h5>Mangel an Entwicklung<\/h5>\n<div class='content-column one_half'><img loading=\"lazy\" decoding=\"async\" class=\"aligncenter wp-image-4125 size-medium\" src=\"http:\/\/saralaflamme.ca\/wp-content\/uploads\/2019\/11\/headpoor-300x218.jpg\" alt=\"mangelhaftes Gesicht\" width=\"300\" height=\"218\" srcset=\"https:\/\/inspiredentistes.ca\/wp-content\/uploads\/2019\/11\/headpoor-300x218.jpg 300w, https:\/\/inspiredentistes.ca\/wp-content\/uploads\/2019\/11\/headpoor.jpg 450w\" sizes=\"auto, (max-width: 300px) 100vw, 300px\" \/><\/div>\n<div class='content-column one_half last_column'><ul>\n<li>schmales Gesicht<\/li>\n<li>m\u00fcde Augen<\/li>\n<li>schlechte Definition der Wangenknochen<\/li>\n<li>krumme Nasen<\/li>\n<li>Kiefer zur\u00fccksetzen<\/li>\n<li>schiefe Z\u00e4hne<\/li>\n<li>kleinere Atemwege<\/li>\n<\/ul>\n<h5><\/div><div class='clear_column'><\/div><\/h5>\n<hr \/>\n<h5>Warum myofunktionelle interzeptive Kieferorthop\u00e4die?<\/h5>\n<p>Dr. Sara Laflamme ist seit 2003 Zahn\u00e4rztin. Sie k\u00fcmmert sich pflichbewusst um ihre Patienten und bietet hochwertige Behandlungen an. Nachdem sie vielen Patienten mit Gesichtsschmerzen, Kopfschmerzen und Zahnabnutzung geholfen hatte, stellte sich die Frage: Warum passiert das? Immer auf der Suche nach Antworten, fand sie eine der Ursache. 2019 absolvierte sie eine Spezialausbildung in Interzeptiver Kieferorthop\u00e4die und Myofunktioneller Therapie, in der sie lernte, Wachstum umzulenken und die Entwicklung bei Kindern zu f\u00f6rdern. Dr. Laflamme bietet dieses einzigartige Angebot in der Region West-Island an und hat ein Programm entwickelt, das Kindern dabei hilft, ihr pers\u00f6nliches Wachstums- und Gesundheitspotential zu erreichen.<\/p>\n<h5>Mund atmen (nur auf Englisch)<\/h5>\n<p><iframe loading=\"lazy\" title=\"Mouth Breathing in Children from Dr. German Ramirez\" width=\"625\" height=\"352\" src=\"https:\/\/www.youtube.com\/embed\/3h0JgmmLj_Q?feature=oembed\" frameborder=\"0\" allow=\"accelerometer; autoplay; clipboard-write; encrypted-media; gyroscope; picture-in-picture; web-share\" referrerpolicy=\"strict-origin-when-cross-origin\" allowfullscreen><\/iframe><\/p>\n<div>\n<h5>\u00dcber das Programm<\/h5>\n<\/div>\n<div>\n<p>Das Programm l\u00e4uft je nach Kooperation des Patienten \u00fcber 24 Monate. Dr. Laflamme und ihr Team behandeln Kinder mit Apparaturen, die meistens nachts getragen werden, und trainieren die Mundmuskulatur. Zus\u00e4tzlich dazu, dass Ihr Kind ges\u00fcnder reden, kauen, atmen und schlafen kann, bietet es mehr Platz f\u00fcr gerade Z\u00e4hne.<\/p>\n<p>Nach einer Beratung mit Dr. Laflamme besteht der n\u00e4chste Schritt darin, die ersten Detailanalysen zu machen, damit Sie einen Plan ausarbeiten kann. Sobald dieser Plan vorliegt, muss die Familie des Patienten die Entscheidung treffen, ob sie mit dem Programm beginnen m\u00f6chte. Bei jedem monatlichen Besuch wird die Entwicklung des Patienten von Dr. Laflamme bewertet. Sie und ihr Team werden sie trainieren, um die verbesserte Funktion von Mund, Kiefer und Gesicht wiederherzustellen und sie in Harmonie zu bringen.<\/p>\n<h5>Leidet Ihr Kind an?<\/h5>\n<div class='content-column one_half'><ul>\n<li>ADS\/ADHS<\/li>\n<li>Schnarchen &amp; M\u00fcdigkeit<\/li>\n<li>Z\u00e4hneknirschen<\/li>\n<li>Mund atmen<\/li>\n<li>Geschwollene Polypen &amp; Mandeln<\/li>\n<li>Aggressives Verhalten<\/li>\n<li>Depression<\/li>\n<li>Chronische Allergien, Ekzeme, Asthma<\/li>\n<li>Reizbarkeit \/ Wut<\/li>\n<li>schwerwiegende Probleme \/ wenige Freunde<\/li>\n<\/ul><\/div>\n<div class='content-column one_half last_column'><ul>\n<li>Bettn\u00e4ssen<\/li>\n<li>Schwierigkeiten in der Schule<\/li>\n<li>Verz\u00f6gertes oder verk\u00fcmmertes Wachstum<\/li>\n<li>Unruhiger Schlaf<\/li>\n<li>Alptr\u00e4ume<\/li>\n<li>Kopfschmerzen beim Aufwachen<\/li>\n<li>M\u00fcdigkeit am Tag<\/li>\n<li>Wacht h\u00e4ufig nachts auf<\/li>\n<li>Schlafenwandelt, redet im Schlaf<\/li>\n<\/ul><\/div><div class='clear_column'><\/div>\n<h6>Einige dieser Symptome k\u00f6nnen mit einer Unterentwicklung des Gesichts verbindet sein.<\/h6>\n<h4 style=\"text-align: center;\">Ihr Kind k\u00f6nnte von unserem Programm profitieren!<\/h4>\n<p><img loading=\"lazy\" decoding=\"async\" class=\"size-medium wp-image-5733 aligncenter\" src=\"http:\/\/saralaflamme.ca\/wp-content\/uploads\/2022\/09\/VID4198-300x200.jpg\" alt=\"\" width=\"300\" height=\"200\" srcset=\"https:\/\/inspiredentistes.ca\/wp-content\/uploads\/2022\/09\/VID4198-300x200.jpg 300w, https:\/\/inspiredentistes.ca\/wp-content\/uploads\/2022\/09\/VID4198.jpg 601w\" sizes=\"auto, (max-width: 300px) 100vw, 300px\" \/><\/p>\n<h5><strong><div class='content-column two_third'>Ein einzigartige Methode, um die Gesundheit zu f\u00f6rdern! Infolgedessen haben Sie Platz f\u00fcr gerade Z\u00e4hne.<\/div><\/strong><\/h5>\n<p><strong><div class='content-column one_third last_column'><a style=\"-webkit-text-size-adjust: none; text-decoration: none; display: inline-block; color: #ffffff; background-color: #3aaee0; border-radius: 4px; -webkit-border-radius: 4px; -moz-border-radius: 4px; width: auto; font-family: 'Trebuchet MS', 'Lucida Grande', 'Lucida Sans Unicode', 'Lucida Sans', Tahoma, sans-serif; text-align: center; mso-border-alt: none; word-break: keep-all; border: 1px solid #3AAEE0; padding: 5px 2px 5px 2px;\" href=\"http:\/\/saralaflamme.ca\/contact\/appointment-request\/\">Termin vereinbaren<\/a><\/div><div class='clear_column'><\/div><\/strong><\/p>\n<\/div>\n<p><\/p>","protected":false},"excerpt":{"rendered":"<p>Behandlung eine der Ursache von krummen Z\u00e4hnen und falsch ausgerichteten Kiefern - zu einem sch\u00f6nen, gesunden L\u00e4cheln Richtige Entwicklung Mangel an Entwicklung Warum myofunktionelle interzeptive Kieferorthop\u00e4die? Dr. Sara Laflamme ist seit 2003 Zahn\u00e4rztin. Sie k\u00fcmmert sich pflichbewusst um ihre Patienten und bietet hochwertige Behandlungen an. Nachdem sie vielen Patienten mit Gesichtsschmerzen, Kopfschmerzen und Zahnabnutzung geholfen <a href=\"https:\/\/inspiredentistes.ca\/de\/services\/treatments\/myofunctionnal-interceptive-orthodontics\/\" class=\"more-link\">...weiterlesen<span class=\"screen-reader-text\"> \"Myofunktionelle Interzeptive Kieferorthop\u00e4die Programm\"<\/span><\/a><\/p>\n","protected":false},"author":1,"featured_media":0,"parent":12,"menu_order":0,"comment_status":"closed","ping_status":"closed","template":"","meta":{"footnotes":""},"class_list":["post-4129","page","type-page","status-publish","h-entry","hentry","h-as-page"],"_links":{"self":[{"href":"https:\/\/inspiredentistes.ca\/de\/wp-json\/wp\/v2\/pages\/4129","targetHints":{"allow":["GET"]}}],"collection":[{"href":"https:\/\/inspiredentistes.ca\/de\/wp-json\/wp\/v2\/pages"}],"about":[{"href":"https:\/\/inspiredentistes.ca\/de\/wp-json\/wp\/v2\/types\/page"}],"author":[{"embeddable":true,"href":"https:\/\/inspiredentistes.ca\/de\/wp-json\/wp\/v2\/users\/1"}],"replies":[{"embeddable":true,"href":"https:\/\/inspiredentistes.ca\/de\/wp-json\/wp\/v2\/comments?post=4129"}],"version-history":[{"count":50,"href":"https:\/\/inspiredentistes.ca\/de\/wp-json\/wp\/v2\/pages\/4129\/revisions"}],"predecessor-version":[{"id":5737,"href":"https:\/\/inspiredentistes.ca\/de\/wp-json\/wp\/v2\/pages\/4129\/revisions\/5737"}],"up":[{"embeddable":true,"href":"https:\/\/inspiredentistes.ca\/de\/wp-json\/wp\/v2\/pages\/12"}],"wp:attachment":[{"href":"https:\/\/inspiredentistes.ca\/de\/wp-json\/wp\/v2\/media?parent=4129"}],"curies":[{"name":"wp","href":"https:\/\/api.w.org\/{rel}","templated":true}]}}

Myofunktionelle Interzeptive Kieferorthopädie Programm

<p></p>
<h6 style="background-color: #3aaee0; padding: 10px; color: #ffffff;"><strong>Behandlung eine der Ursache von krummen Zähnen und falsch ausgerichteten Kiefern - zu einem schönen, gesunden Lächeln</strong></h6>
<hr />
<h5><strong>Richtige Entwicklung</strong></h5>
<p><div class='content-column one_half'><img loading="lazy" decoding="async" class="aligncenter wp-image-4124 size-medium" src="http://saralaflamme.ca/wp-content/uploads/2019/11/headgood-300x211.jpg" alt="gutes Gesicht" width="300" height="211" srcset="https://inspiredentistes.ca/wp-content/uploads/2019/11/headgood-300x211.jpg 300w, https://inspiredentistes.ca/wp-content/uploads/2019/11/headgood.jpg 450w" sizes="auto, (max-width: 300px) 100vw, 300px" /></div><div class='content-column one_half last_column'><ul>
<li dir="ltr">breiteres Gesicht</li>
<li dir="ltr">wachsame Augen</li>
<li dir="ltr">schöne Wangenknochen</li>
<li dir="ltr">gerade Nase</li>
<li dir="ltr">gut entwickelter Kiefer</li>
<li dir="ltr">gerade Zähne</li>
<li dir="ltr">gute Atemwegsgröße</li>
</ul></div><div class='clear_column'></div></p>
<h5>Mangel an Entwicklung</h5>
<div class='content-column one_half'><img loading="lazy" decoding="async" class="aligncenter wp-image-4125 size-medium" src="http://saralaflamme.ca/wp-content/uploads/2019/11/headpoor-300x218.jpg" alt="mangelhaftes Gesicht" width="300" height="218" srcset="https://inspiredentistes.ca/wp-content/uploads/2019/11/headpoor-300x218.jpg 300w, https://inspiredentistes.ca/wp-content/uploads/2019/11/headpoor.jpg 450w" sizes="auto, (max-width: 300px) 100vw, 300px" /></div>
<div class='content-column one_half last_column'><ul>
<li>schmales Gesicht</li>
<li>müde Augen</li>
<li>schlechte Definition der Wangenknochen</li>
<li>krumme Nasen</li>
<li>Kiefer zurücksetzen</li>
<li>schiefe Zähne</li>
<li>kleinere Atemwege</li>
</ul>
<h5></div><div class='clear_column'></div></h5>
<hr />
<h5>Warum myofunktionelle interzeptive Kieferorthopädie?</h5>
<p>Dr. Sara Laflamme ist seit 2003 Zahnärztin. Sie kümmert sich pflichbewusst um ihre Patienten und bietet hochwertige Behandlungen an. Nachdem sie vielen Patienten mit Gesichtsschmerzen, Kopfschmerzen und Zahnabnutzung geholfen hatte, stellte sich die Frage: Warum passiert das? Immer auf der Suche nach Antworten, fand sie eine der Ursache. 2019 absolvierte sie eine Spezialausbildung in Interzeptiver Kieferorthopädie und Myofunktioneller Therapie, in der sie lernte, Wachstum umzulenken und die Entwicklung bei Kindern zu fördern. Dr. Laflamme bietet dieses einzigartige Angebot in der Region West-Island an und hat ein Programm entwickelt, das Kindern dabei hilft, ihr persönliches Wachstums- und Gesundheitspotential zu erreichen.</p>
<h5>Mund atmen (nur auf Englisch)</h5>
<p><iframe loading="lazy" title="Mouth Breathing in Children from Dr. German Ramirez" width="625" height="352" src="https://www.youtube.com/embed/3h0JgmmLj_Q?feature=oembed" frameborder="0" allow="accelerometer; autoplay; clipboard-write; encrypted-media; gyroscope; picture-in-picture; web-share" referrerpolicy="strict-origin-when-cross-origin" allowfullscreen></iframe></p>
<div>
<h5>Über das Programm</h5>
</div>
<div>
<p>Das Programm läuft je nach Kooperation des Patienten über 24 Monate. Dr. Laflamme und ihr Team behandeln Kinder mit Apparaturen, die meistens nachts getragen werden, und trainieren die Mundmuskulatur. Zusätzlich dazu, dass Ihr Kind gesünder reden, kauen, atmen und schlafen kann, bietet es mehr Platz für gerade Zähne.</p>
<p>Nach einer Beratung mit Dr. Laflamme besteht der nächste Schritt darin, die ersten Detailanalysen zu machen, damit Sie einen Plan ausarbeiten kann. Sobald dieser Plan vorliegt, muss die Familie des Patienten die Entscheidung treffen, ob sie mit dem Programm beginnen möchte. Bei jedem monatlichen Besuch wird die Entwicklung des Patienten von Dr. Laflamme bewertet. Sie und ihr Team werden sie trainieren, um die verbesserte Funktion von Mund, Kiefer und Gesicht wiederherzustellen und sie in Harmonie zu bringen.</p>
<h5>Leidet Ihr Kind an?</h5>
<div class='content-column one_half'><ul>
<li>ADS/ADHS</li>
<li>Schnarchen &amp; Müdigkeit</li>
<li>Zähneknirschen</li>
<li>Mund atmen</li>
<li>Geschwollene Polypen &amp; Mandeln</li>
<li>Aggressives Verhalten</li>
<li>Depression</li>
<li>Chronische Allergien, Ekzeme, Asthma</li>
<li>Reizbarkeit / Wut</li>
<li>schwerwiegende Probleme / wenige Freunde</li>
</ul></div>
<div class='content-column one_half last_column'><ul>
<li>Bettnässen</li>
<li>Schwierigkeiten in der Schule</li>
<li>Verzögertes oder verkümmertes Wachstum</li>
<li>Unruhiger Schlaf</li>
<li>Alpträume</li>
<li>Kopfschmerzen beim Aufwachen</li>
<li>Müdigkeit am Tag</li>
<li>Wacht häufig nachts auf</li>
<li>Schlafenwandelt, redet im Schlaf</li>
</ul></div><div class='clear_column'></div>
<h6>Einige dieser Symptome können mit einer Unterentwicklung des Gesichts verbindet sein.</h6>
<h4 style="text-align: center;">Ihr Kind könnte von unserem Programm profitieren!</h4>
<p><img loading="lazy" decoding="async" class="size-medium wp-image-5733 aligncenter" src="http://saralaflamme.ca/wp-content/uploads/2022/09/VID4198-300x200.jpg" alt="" width="300" height="200" srcset="https://inspiredentistes.ca/wp-content/uploads/2022/09/VID4198-300x200.jpg 300w, https://inspiredentistes.ca/wp-content/uploads/2022/09/VID4198.jpg 601w" sizes="auto, (max-width: 300px) 100vw, 300px" /></p>
<h5><strong><div class='content-column two_third'>Ein einzigartige Methode, um die Gesundheit zu fördern! Infolgedessen haben Sie Platz für gerade Zähne.</div></strong></h5>
<p><strong><div class='content-column one_third last_column'><a style="-webkit-text-size-adjust: none; text-decoration: none; display: inline-block; color: #ffffff; background-color: #3aaee0; border-radius: 4px; -webkit-border-radius: 4px; -moz-border-radius: 4px; width: auto; font-family: 'Trebuchet MS', 'Lucida Grande', 'Lucida Sans Unicode', 'Lucida Sans', Tahoma, sans-serif; text-align: center; mso-border-alt: none; word-break: keep-all; border: 1px solid #3AAEE0; padding: 5px 2px 5px 2px;" href="http://saralaflamme.ca/contact/appointment-request/">Termin vereinbaren</a></div><div class='clear_column'></div></strong></p>
</div>
<p></p>

<p>Behandlung eine der Ursache von krummen Zähnen und falsch ausgerichteten Kiefern - zu einem schönen, gesunden Lächeln Richtige Entwicklung Mangel an Entwicklung Warum myofunktionelle interzeptive Kieferorthopädie? Dr. Sara Laflamme ist seit 2003 Zahnärztin. Sie kümmert sich pflichbewusst um ihre Patienten und bietet hochwertige Behandlungen an. Nachdem sie vielen Patienten mit Gesichtsschmerzen, Kopfschmerzen und Zahnabnutzung geholfen <a href="https://inspiredentistes.ca/de/services/treatments/myofunctionnal-interceptive-orthodontics/" class="more-link">...weiterlesen<span class="screen-reader-text"> "Myofunktionelle Interzeptive Kieferorthopädie Programm"</span></a></p>
